 of -4 - 9 - (80 + -81)?
-12
What is (5 - (-3 + 6)) + -9 - -16?
9
(-27 - -3) + (-14 - (-18 + -8))
-12
Evaluate 41 - 86 - -87 - 9.
33
What is the value of 2207 - 2216 - ((-2 - -2) + 1 - 3)?
-7
Evaluate (-12 - -1) + -46 + 66.
9
Calculate -28 - (-17 + (-7 - -7 - -6)).
-17
Evaluate -18 + 2 - (151 + -172) - 18.
-13
-11 + 5 - (6 + -9)
-3
What is the value of 8 + (5 + -4 - 0)?
9
What is -16 + -26 + 13 + 41?
12
Calculate -1 - 5 - (-13 + 0 + -2).
9
-21 + 27 + -1 + -3 + -5
-3
Evaluate 16 + (15 - 2) - 32.
-3
-24 + (19 - (9 - 18))
4
-87 + 56 - (3 - (17 - 2))
-19
Evaluate 6 + -16 + 2 + -6 + 7.
-7
Evaluate 12 + 1 + 1 + (14 - 3).
25
Evaluate 21 + -29 - (-1 + -9).
2
(-1 - 5) + 6 - (-17 - -13)
4
Calculate 11 + (30 - 6 - -3) + -16.
22
Evaluate (-30 + -11 - (2 + -11 + 0)) + 8.
-24
What is 3 + (-23 - (-11 + 22)) + 11?
-20
What is 750 + -775 - (0 - 45)?
20
What is -6 - (39 + -47 - (-1 - 9))?
-8
What is the value of 18 + (-16 - (-12 + 6))?
8
What is the value of 6 - (-25 - -17 - (-2 - 2))?
10
Evaluate 20 - (19 + 19) - -31.
13
Evaluate 3 - (2 - ((-9 - -4) + 1) - 2).
-1
Calculate 4 + -5 + (-3 - 0) + -3.
-7
What is the value of 15 + 1 + 363 + -372?
7
What is the value of (24 - (4 + -8 + 13)) + 7?
22
What is 55 - 47 - (7 - -2)?
-1
Evaluate 60 - 66 - ((3 - 2) + -12).
5
Evaluate (-2 - 18 - -17 - (7 + 3)) + 10.
-3
What is the value of 16 - (38 - (16 - -10))?
4
What is (-22 - (-25 + 3)) + (-4 - -2) + 1?
-1
What is -1 - -6 - 0 - (-37 - -46)?
-4
15 - ((25 - 28) + 15)
3
What is the value of 0 - (6 + -3) - 0 - (-29 - -35)?
-9
What is -10 + (4 - (-10 - -5)) - -10?
9
Evaluate (1 - -10) + (6 - 3) + (84 - 90).
8
Calculate 16 + -15 + -31 - -19.
-11
Evaluate 38 + -19 - (-3 - (2 - 7)).
17
Calculate 1 - -23 - (627 - 605).
2
Calculate -51 - -48 - (-6 - -8).
-5
Calculate 1 + -3 + 1 - (167 + -171).
3
-2 + (5 + -4 + 0 - 0) + 11
10
-4 + 14 - ((-4 + 7 - -20) + 0)
-13
Calculate 23 - 6 - ((3 - -10) + -8 - 6).
18
Evaluate -1 + (8 - 7) - (-8 + (-2 - -1)).
9
What is 11 - (7 + -15) - 9?
10
6 + -9 + 6 + (15 + -25 - 16)
-23
Evaluate -4 - (9 - 7) - -15 - 19.
-10
5 - 0 - ((13 - 14) + 3 + -5)
8
Calculate (12 - 8) + -31 + 13.
-14
What is (-22 - 2 - 8) + 23?
-9
What is (-75 - -95) + -41 - (3 + 0 + 0)?
-24
Calculate 18 + -28 - -17 - (23 - 1).
-15
What is -1 + -13 + 14 + 7?
7
Calculate 41 + 0 + (-15 - -5) + 35 + -28.
38
Evaluate (-9 - -10) + -13 - -32.
20
-15 - (-29 + 19 + -25)
20
Evaluate 6 + (0 - 21) + (12 - 8).
-11
What is the value of -4 - (-1 + 12 + (-13 - 22))?
20
(37 - 12) + -20 - (-1 - 3)
9
6 - (-2 - 2 - (-23 - (-12 - -9)))
-10
What is the value of -2 + (18 - 4) - 17?
-5
1 - (-2 - -6 - -3 - 17)
11
4 + (-36 + 44 - 5)
7
What is the value of (-3 - (-13 - -7)) + 5 + 3?
11
Evaluate (-36 - -37 - (5 - 7)) + 0 + -3.
0
What is (-5 + (2 - -2) - -1) + (-16 - -11)?
-5
Evaluate 13 - (16 + -28 + (8 - 1)).
18
Calculate -3 + 3 - 0 - -5.
5
-32 - (-5 - (-12 + 30 + -16))
-25
-58 + 145 + -71 + -1 + -9
6
Evaluate (0 - 5) + 12 - ((-1 - -2) + -7).
13
(31 - 41) + (1 - (-8 - 0) - -36)
35
Evaluate -399 + 418 + (8 - 7) + 0 + 11.
31
Evaluate 33 + (-46 - 1) + 25.
11
What is the value of -395 + 397 + (17 - 1)?
18
What is -2 - (-8 - -23) - -3?
-14
26 + (1 - 19 - 3)
5
Calculate -7 + -32 - (-9 + -15).
-15
What is the value of 25 + (34 - (70 + -33))?
22
What is the value of -6 - (31 - (5 - -17))?
-15
Evaluate -4 + (2 - 1 - 1 - -12) + 5.
13
Evaluate 1 + -1 - (13 + 12 + -24 + -4).
3
(-281 - -261) + 6 + 1
-13
What is the value of (28 - -5) + -37 - 6?
-10
What is -5 + (7 - (-3 - -1)) - 4?
0
What is the value of -4 - (-1 - -2) - (57 + -44 + -9)?
-9
35 + 8 - 93 - -37
-13
-2 + (-9 - (-3 - -5)) + (0 - -6)
-7
What is the value of (9 - (12 + -8)) + (1 - 0)?
6
-36 - (-74 - -16 - -10)
12
What is -19 - (0 + -32 + 29)?
-16
Evaluate -16 + 3 + -7 + 6 + -8 - 4.
-26
What is the value of 0 - -15 - -1 - (68 + -71) - 2?
17
What is 0 - (13 + -2 + (-1 - 7))?
-3
Evaluate 1 - (0 + -1 + 19 + 28 + -36).
-9
What is the value of 0 + 12 + 88 + -71 + -7?
22
Calculate 4 + -2 + 0 + 0 - (-34 + 28).
8
Calculate -7 - (37 - 49) - 6.
-1
-7 + 3 + 28 + -34
-10
-13 + (6 - (2 - (-11 + 0)))
-20
Calculate (0 - 19 - (-145 + 134)) + 11.
3
What is (-5 - -20 - 9) + -5?
1
4 - (10 - -5 - 11)
0
What is 1 + (-10 - 7) - -13?
-3
What is the value of -58 + 73 + 7 + -34?
-12
Evaluate -13 - (10 - (26 - 9)).
-6
What is the value of (2 - (-6 + 6)) + 7 + -14?
-5
What is 79 + -74 + -12 + -1 - -28?
20
What is -17 - -18 - (-1 + -4 + 5) - 0?
1
Evaluate 6 + (-12 - -2 - (103 - 88)).
-19
Calculate 0 + (-6 + 0 + 0 + -2 - -4).
-4
20 - -4 - (-18 + (-12 - -32))
22
Calculate -78 - -22 - -33 - -10.
-13
Evaluate -52 + (27 - -17) + (16 - 1).
7
(-5 - 3) + 3 + (15 - 12) - -1
-1
Evaluate -3 + (31 - 8) + 4 + -4.
20
Calculate (-3 - (-6 + (3 - 6))) + -103 + 97.
0
What is the value of 20 - ((25 - 8) + -8)?
11
What is the value of -11 + -7 + -15 + 17?
-16
What is (-66 - -43) + 5 + 0?
-18
15 + 8 - (-20 + 39)
4
What is -17 - (17 - 24 - (-1 + 2))?
-9
What is 17 + (17 - (20 + -6)) + 13?
33
What is 29 - -28 - 18 - 30?
9
What is -29 + 16 + (4 - -8) + -18?
-19
Calculate 15 + 20 + -28 - ((-3 - -17) + -3).
-4
What is the value of 6 + (5 - -2 - 5)?
8
What is (10 - 8) + -2 + 4 + -2 + 3?
5
What is the value of (7 + 1 - 2) + (18 - 37) + 42?
29
Calculate -12 - (-4 - (22 + -17)).
-3
What is the value of 4 + 3 + -6 + (0 - 1) + 1?
1
What is -6 + (-2 - (-9 - -4))?
-3
Evaluate -2 - 16 - (2 - 54).
34
What is the value of -8 + 12 + -11 + 20 - (2 - -7)?
4
Evaluate -22 + 4 + 14 - (-25 - (-2 + 0)).
19
What is the value of (11 - -3) + -8 + -20?
-14
Calculate 3 + 2 - (7 + 11 - 6) - 8.
-15
What is the value of -13 - (-3 + 6 + -3 - 7)?
-6
Calculate (-4 - -26) + 0 + -42 + 27.
7
14 + -12 + (9 - -3)
14
1 + -3 + 5 + -9 + 9 + 1
4
What is the value of (6 - ((1 - 3 - 1) + 6)) + 8?
11
(5 - (1 + 4 + -10)) + (-1 - -6)
15
Calculate -3 - (-7 + -2 + 17 + (0 - 43)).
32
What is the value of 17 + -6 - (-18 - -27)?
2
(7 - 10) + (-30 - -40)
7
Evaluate 35 + (-6 + 2 - (15 + -8 + -9)).
33
29 + -12 - (-12 - -12)
17
What is 5 + (0 - -14) + (-7 - -3 - -14)?
29
Calculate (-302 - -305) + (-1 + 3 - 18).
-13
Evaluate -56 + 16 - -26 - -36.
22
19 + 13 + -21 + 2
13
What is the value of 11 + (-3 - 1) - (-19 - (-2 - 1))?
23
What is -1738 - -1751 - (4 - (1 - 1))?
9
Calculate (1 - -15) + (-407 - -377).
-14
What is the value of 15 - (-15 + 59 + -19)?
-10
(-10 - -25) + -31 + -4 + -12
-32
What is -11 + -9 + -43 - -38?
-25
What is the value of (-3 - -7 - -3) + (-17 - -24) + 4?
18
(2 - -2 - 3) + 502 + -520
-17
What is 0 + 1 + 1 + 1 - (-36 - -43)?
-4
What is -14 + (9 + -17 - -16 - 8)?
-14
Evaluate 10 - -2 - (23 - 18 - 21).
28
(25 - (4 - -4)) + -15
2
What is 20 - (11 + -1 + (2 - (-13 + 17)))?
12
What is -7 - (4 - 6 - 23) - 6?
12
What is (14 - 2) + -378 + 330?
-36
Evaluate 6 - (9 + (15 + -3 - 6)).
-9
Evaluate 968 - 997 - (0 - 40).
11
What is the value of (4 - 0) + -26 + -9 + 40?
9
13 - 34 - -20 - ((7 - 2) + 0)
-6
What is the value of 2 - ((0 - -8) + -13 + (2 - 3))?
8
What is 7 + -13 + (-3 - -4) - (-24 + 3)?
16
5 + 9 + -13 - (3 - 3 - -12)
-11
What is the value of (-1 - (20 - 29)) + -28?
-20
What is the value of (7 + -3 - -13) + -14?
3
What is the value of -31 + 14 + (3 + -2 - -3)?
-13
Evaluate 4 - (15 + -7 - 7 - (-20 - 13)).
-30
Evaluate -4 - (14 + -23) - 11 - 14.
-20
What is the value of (-30 - -32) + -1 + (-9 - (2 + -2))?
-8
What is 0 + -2 + 3 - -6 - (12 - 9)?
4
Evaluate -18 - (1 - 1) - (-92 + 84) - 3.
-13
What is the value of -8 + (-17 - -10) + 8?
-7
Calculate (-29 - (1 + -19)) + -7.
-18
0 - (-22 - -2) - (-574 + 581)
13
-2 + -3 + 2 + 6 + -3
0
30 - (-20 + (34 - -5))
11
-14 + (-4 + 13 - -14)
9
Calculate 16 - (12 + 1) - 3.
0
What is the value of -31 + (-13 - -20) + 20?
-4
Evaluate 14 + -6 + (-2 - -4) + -4 + 2.
8
Calculate 10 - (3 + -12 + -5 + 0 - -10).
14
Calculate -16 + 13 + 8 + (-3 - 2).
0
What is the value of -14 - (5 - 12) - (0 - -2)?
-9
(2 + -5 - (6 + -5)) + 2 + -5
-7
Evaluate 21 + (-1 - (-4 + 13)).
11
What is the value of -5 + -23 + (29 - -16)?
17
What is (31 - 35) + (1 - 2) - (-7 + -1)?
3
4 - (-3 + 0 - -10) - (0 + -7)
4
Evaluate (-26 - -38 - 40) + 48.
20
Evaluate 10 - (-15 + -16 + 26).
15
Evaluate -22 - (-4 + -12 + 1).
-7
8 + -4 + -32 + 12
-16
What is the value of -15 - ((40 - 42) + (7 - 1)) - -4?
-15
-5 - ((-4 - 1) + -5 + 14 + -11)
2
What is -10 + (0 + (3 - 6) + 0 - -10